{"id":2069,"date":"2024-05-15T10:37:31","date_gmt":"2024-05-15T10:37:31","guid":{"rendered":"https:\/\/regnumteknoloji.com.tr\/?page_id=2069"},"modified":"2025-09-14T07:44:35","modified_gmt":"2025-09-14T07:44:35","slug":"404-page","status":"publish","type":"page","link":"https:\/\/regnumteknoloji.com.tr\/index.php\/404-page\/","title":{"rendered":"404"},"content":{"rendered":"\t\t<div data-elementor-type=\"wp-page\" data-elementor-id=\"2069\" class=\"elementor elementor-2069\">\n\t\t\t\t<div class=\"elementor-element elementor-element-45052b7 e-flex e-con-boxed e-con e-parent\" data-id=\"45052b7\" data-element_type=\"container\">\n\t\t\t\t\t<div class=\"e-con-inner\">\n\t\t\t\t<div class=\"elementor-element elementor-element-0e48500 elementor-widget elementor-widget-spacer\" data-id=\"0e48500\" data-element_type=\"widget\" data-widget_type=\"spacer.default\">\n\t\t\t\t<div class=\"elementor-widget-container\">\n\t\t\t\t\t\t\t<div class=\"elementor-spacer\">\n\t\t\t<div class=\"elementor-spacer-inner\"><\/div>\n\t\t<\/div>\n\t\t\t\t\t\t<\/div>\n\t\t\t\t<\/div>\n\t\t\t\t<div class=\"elementor-element elementor-element-a0045de elementor-widget elementor-widget-image\" data-id=\"a0045de\" data-element_type=\"widget\" data-widget_type=\"image.default\">\n\t\t\t\t<div class=\"elementor-widget-container\">\n\t\t\t\t\t\t\t\t\t\t\t\t\t\t\t<img fetchpriority=\"high\" decoding=\"async\" width=\"640\" height=\"164\" src=\"https:\/\/regnumteknoloji.com.tr\/wp-content\/uploads\/2024\/05\/regnum_logo-1024x262-1-768x197.png\" class=\"attachment-medium_large size-medium_large wp-image-25\" alt=\"\" srcset=\"https:\/\/regnumteknoloji.com.tr\/wp-content\/uploads\/2024\/05\/regnum_logo-1024x262-1-768x197.png 768w, https:\/\/regnumteknoloji.com.tr\/wp-content\/uploads\/2024\/05\/regnum_logo-1024x262-1-300x77.png 300w, https:\/\/regnumteknoloji.com.tr\/wp-content\/uploads\/2024\/05\/regnum_logo-1024x262-1.png 1024w\" sizes=\"(max-width: 640px) 100vw, 640px\" \/>\t\t\t\t\t\t\t\t\t\t\t\t\t\t\t<\/div>\n\t\t\t\t<\/div>\n\t\t\t\t<div class=\"elementor-element elementor-element-8bde2b7 elementor-widget elementor-widget-spacer\" data-id=\"8bde2b7\" data-element_type=\"widget\" data-widget_type=\"spacer.default\">\n\t\t\t\t<div class=\"elementor-widget-container\">\n\t\t\t\t\t\t\t<div class=\"elementor-spacer\">\n\t\t\t<div class=\"elementor-spacer-inner\"><\/div>\n\t\t<\/div>\n\t\t\t\t\t\t<\/div>\n\t\t\t\t<\/div>\n\t\t\t\t\t<\/div>\n\t\t\t\t<\/div>\n\t\t<div class=\"elementor-element elementor-element-3f91e56 e-flex e-con-boxed e-con e-parent\" data-id=\"3f91e56\" data-element_type=\"container\">\n\t\t\t\t\t<div class=\"e-con-inner\">\n\t\t\t\t<div class=\"elementor-element elementor-element-473f5bf elementor-widget elementor-widget-heading\" data-id=\"473f5bf\" data-element_type=\"widget\" data-widget_type=\"heading.default\">\n\t\t\t\t<div class=\"elementor-widget-container\">\n\t\t\t\t\t<h2 class=\"elementor-heading-title elementor-size-default\">404 - Sayfa bulunamad\u0131<\/h2>\t\t\t\t<\/div>\n\t\t\t\t<\/div>\n\t\t\t\t\t<\/div>\n\t\t\t\t<\/div>\n\t\t<div class=\"elementor-element elementor-element-e6f2c3c e-flex e-con-boxed e-con e-parent\" data-id=\"e6f2c3c\" data-element_type=\"container\">\n\t\t\t\t\t<div class=\"e-con-inner\">\n\t\t\t\t<div class=\"elementor-element elementor-element-bd4aafd elementor-widget elementor-widget-text-editor\" data-id=\"bd4aafd\" data-element_type=\"widget\" data-widget_type=\"text-editor.default\">\n\t\t\t\t<div class=\"elementor-widget-container\">\n\t\t\t\t\t\t\t\t\t<p>Arad\u0131\u011f\u0131n\u0131z sayfay\u0131 bulamad\u0131k ama arad\u0131\u011f\u0131n\u0131z \u00e7\u00f6z\u00fcm bizde olabilir.<\/p>\t\t\t\t\t\t\t\t<\/div>\n\t\t\t\t<\/div>\n\t\t\t\t<div class=\"elementor-element elementor-element-21c30b0 elementor-align-center elementor-widget elementor-widget-button\" data-id=\"21c30b0\" data-element_type=\"widget\" data-widget_type=\"button.default\">\n\t\t\t\t<div class=\"elementor-widget-container\">\n\t\t\t\t\t\t\t\t\t<div class=\"elementor-button-wrapper\">\n\t\t\t\t\t<a class=\"elementor-button elementor-button-link elementor-size-sm\" href=\"https:\/\/regnumteknoloji.com.tr\/\">\n\t\t\t\t\t\t<span class=\"elementor-button-content-wrapper\">\n\t\t\t\t\t\t\t\t\t<span class=\"elementor-button-text\">Ana sayfaya d\u00f6n<\/span>\n\t\t\t\t\t<\/span>\n\t\t\t\t\t<\/a>\n\t\t\t\t<\/div>\n\t\t\t\t\t\t\t\t<\/div>\n\t\t\t\t<\/div>\n\t\t\t\t<div class=\"elementor-element elementor-element-bad8a45 elementor-widget elementor-widget-spacer\" data-id=\"bad8a45\" data-element_type=\"widget\" data-widget_type=\"spacer.default\">\n\t\t\t\t<div class=\"elementor-widget-container\">\n\t\t\t\t\t\t\t<div class=\"elementor-spacer\">\n\t\t\t<div class=\"elementor-spacer-inner\"><\/div>\n\t\t<\/div>\n\t\t\t\t\t\t<\/div>\n\t\t\t\t<\/div>\n\t\t\t\t\t<\/div>\n\t\t\t\t<\/div>\n\t\t<div class=\"elementor-element elementor-element-c448bb3 e-flex e-con-boxed e-con e-parent\" data-id=\"c448bb3\" data-element_type=\"container\">\n\t\t\t\t\t<div class=\"e-con-inner\">\n\t\t\t\t<div class=\"elementor-element elementor-element-8a0676b elementor-widget elementor-widget-text-editor\" data-id=\"8a0676b\" data-element_type=\"widget\" data-widget_type=\"text-editor.default\">\n\t\t\t\t<div class=\"elementor-widget-container\">\n\t\t\t\t\t\t\t\t\t<p style=\"text-align: center;\">info@regnumteknoloji.com.tr<br>destek@regnumteknoloji.com.tr<\/p>\n<p style=\"text-align: center;\"><a href=\"tel:908507710771\">0 (850) 771 0 771<\/a><br><a href=\"tel:02169220001\">0 (216) 922 00 01<\/a><\/p>\n<p style=\"text-align: center;\">K\u00fc\u00e7\u00fckbakkalk\u00f6y, G\u00fclseren Sk. No:13\/1 Villa 2, 34750 Ata\u015fehir\/\u0130stanbul<\/p>\t\t\t\t\t\t\t\t<\/div>\n\t\t\t\t<\/div>\n\t\t\t\t\t<\/div>\n\t\t\t\t<\/div>\n\t\t\t\t<\/div>\n\t\t","protected":false},"excerpt":{"rendered":"<p>404 &#8211; Sayfa bulunamad\u0131 Arad\u0131\u011f\u0131n\u0131z sayfay\u0131 bulamad\u0131k ama arad\u0131\u011f\u0131n\u0131z \u00e7\u00f6z\u00fcm bizde olabilir. Ana sayfaya d\u00f6n info@regnumteknoloji.com.trdestek@regnumteknoloji.com.tr 0 (850) 771 0 7710 (216) 922 00 01 K\u00fc\u00e7\u00fckbakkalk\u00f6y, G\u00fclseren Sk. No:13\/1 Villa 2, 34750 Ata\u015fehir\/\u0130stanbul<\/p>\n","protected":false},"author":2,"featured_media":0,"parent":0,"menu_order":0,"comment_status":"closed","ping_status":"closed","template":"","meta":{"inline_featured_image":false,"footnotes":""},"_links":{"self":[{"href":"https:\/\/regnumteknoloji.com.tr\/index.php\/wp-json\/wp\/v2\/pages\/2069"}],"collection":[{"href":"https:\/\/regnumteknoloji.com.tr\/index.php\/wp-json\/wp\/v2\/pages"}],"about":[{"href":"https:\/\/regnumteknoloji.com.tr\/index.php\/wp-json\/wp\/v2\/types\/page"}],"author":[{"embeddable":true,"href":"https:\/\/regnumteknoloji.com.tr\/index.php\/wp-json\/wp\/v2\/users\/2"}],"replies":[{"embeddable":true,"href":"https:\/\/regnumteknoloji.com.tr\/index.php\/wp-json\/wp\/v2\/comments?post=2069"}],"version-history":[{"count":11,"href":"https:\/\/regnumteknoloji.com.tr\/index.php\/wp-json\/wp\/v2\/pages\/2069\/revisions"}],"predecessor-version":[{"id":2920,"href":"https:\/\/regnumteknoloji.com.tr\/index.php\/wp-json\/wp\/v2\/pages\/2069\/revisions\/2920"}],"wp:attachment":[{"href":"https:\/\/regnumteknoloji.com.tr\/index.php\/wp-json\/wp\/v2\/media?parent=2069"}],"curies":[{"name":"wp","href":"https:\/\/api.w.org\/{rel}","templated":true}]}}